{"id":378,"date":"2018-02-03T15:21:54","date_gmt":"2018-02-03T15:21:54","guid":{"rendered":"http:https:\/\/cantres.live-website.com\/prueba\/\/?page_id=378"},"modified":"2024-02-23T11:44:50","modified_gmt":"2024-02-23T11:44:50","slug":"philosophy","status":"publish","type":"page","link":"https:\/\/cantresformentera.com\/es\/philosophy\/","title":{"rendered":"Philosophy"},"content":{"rendered":"<h2>DESCONEXI\u00d3N<\/h2>\n<h5 class=\"specialPad\">Todo se reduce a una experiencia sencilla y pura. Huimos de las aglomeraciones y buscamos la discreci\u00f3n. Queremos que nuestros hu\u00e9spedes formen parte de esta isla, la vivan y la disfruten de una forma especial. Buscamos ser parte del recuerdo que te lleves de Formentera, ese lugar en el mundo al que siempre quieras volver.<\/h5>\n<p><img loading=\"lazy\" decoding=\"async\" class=\"responsive\" src=\"https:\/\/cantresformentera.com\/wp-content\/uploads\/2018\/03\/descanso.jpg\" alt=\"\" width=\"1920\" height=\"1195\" \/><\/p>\n","protected":false},"excerpt":{"rendered":"<p>DESCONEXI\u00d3N Todo se reduce a una experiencia sencilla y pura. Huimos de las aglomeraciones y buscamos la discreci\u00f3n. Queremos que nuestros hu\u00e9spedes formen parte de esta isla, la vivan y la disfruten de una forma especial. Buscamos ser parte del recuerdo que te lleves de Formentera, ese lugar en el mundo al que siempre quieras [&hellip;]<\/p>\n","protected":false},"author":1,"featured_media":0,"parent":0,"menu_order":0,"comment_status":"closed","ping_status":"closed","template":"page-templates\/philosophy.php","meta":{"_acf_changed":false,"footnotes":""},"class_list":["post-378","page","type-page","status-publish","hentry"],"acf":[],"yoast_head":"<!-- This site is optimized with the Yoast SEO plugin v27.5 - https:\/\/yoast.com\/product\/yoast-seo-wordpress\/ -->\n<title>Philosophy - Can Tres<\/title>\n<meta name=\"robots\" content=\"index, follow, max-snippet:-1, max-image-preview:large, max-video-preview:-1\" \/>\n<link rel=\"canonical\" href=\"https:\/\/cantresformentera.com\/es\/philosophy\/\" \/>\n<meta property=\"og:locale\" content=\"es_ES\" \/>\n<meta property=\"og:type\" content=\"article\" \/>\n<meta property=\"og:title\" content=\"Philosophy - Can Tres\" \/>\n<meta property=\"og:description\" content=\"DESCONEXI\u00d3N Todo se reduce a una experiencia sencilla y pura. Huimos de las aglomeraciones y buscamos la discreci\u00f3n. Queremos que nuestros hu\u00e9spedes formen parte de esta isla, la vivan y la disfruten de una forma especial. Buscamos ser parte del recuerdo que te lleves de Formentera, ese lugar en el mundo al que siempre quieras [&hellip;]\" \/>\n<meta property=\"og:url\" content=\"https:\/\/cantresformentera.com\/es\/philosophy\/\" \/>\n<meta property=\"og:site_name\" content=\"Can Tres\" \/>\n<meta property=\"article:modified_time\" content=\"2024-02-23T11:44:50+00:00\" \/>\n<meta property=\"og:image\" content=\"https:\/\/cantresformentera.com\/wp-content\/uploads\/2018\/03\/descanso.jpg\" \/>\n<meta name=\"twitter:card\" content=\"summary_large_image\" \/>\n<meta name=\"twitter:label1\" content=\"Tiempo de lectura\" \/>\n\t<meta name=\"twitter:data1\" content=\"1 minuto\" \/>\n<script type=\"application\/ld+json\" class=\"yoast-schema-graph\">{\"@context\":\"https:\\\/\\\/schema.org\",\"@graph\":[{\"@type\":\"WebPage\",\"@id\":\"https:\\\/\\\/cantresformentera.com\\\/es\\\/philosophy\\\/\",\"url\":\"https:\\\/\\\/cantresformentera.com\\\/es\\\/philosophy\\\/\",\"name\":\"Philosophy - Can Tres\",\"isPartOf\":{\"@id\":\"https:\\\/\\\/cantresformentera.com\\\/#website\"},\"primaryImageOfPage\":{\"@id\":\"https:\\\/\\\/cantresformentera.com\\\/es\\\/philosophy\\\/#primaryimage\"},\"image\":{\"@id\":\"https:\\\/\\\/cantresformentera.com\\\/es\\\/philosophy\\\/#primaryimage\"},\"thumbnailUrl\":\"https:\\\/\\\/cantresformentera.com\\\/wp-content\\\/uploads\\\/2018\\\/03\\\/descanso.jpg\",\"datePublished\":\"2018-02-03T15:21:54+00:00\",\"dateModified\":\"2024-02-23T11:44:50+00:00\",\"breadcrumb\":{\"@id\":\"https:\\\/\\\/cantresformentera.com\\\/es\\\/philosophy\\\/#breadcrumb\"},\"inLanguage\":\"es\",\"potentialAction\":[{\"@type\":\"ReadAction\",\"target\":[\"https:\\\/\\\/cantresformentera.com\\\/es\\\/philosophy\\\/\"]}]},{\"@type\":\"ImageObject\",\"inLanguage\":\"es\",\"@id\":\"https:\\\/\\\/cantresformentera.com\\\/es\\\/philosophy\\\/#primaryimage\",\"url\":\"https:\\\/\\\/cantresformentera.com\\\/wp-content\\\/uploads\\\/2018\\\/03\\\/descanso.jpg\",\"contentUrl\":\"https:\\\/\\\/cantresformentera.com\\\/wp-content\\\/uploads\\\/2018\\\/03\\\/descanso.jpg\"},{\"@type\":\"BreadcrumbList\",\"@id\":\"https:\\\/\\\/cantresformentera.com\\\/es\\\/philosophy\\\/#breadcrumb\",\"itemListElement\":[{\"@type\":\"ListItem\",\"position\":1,\"name\":\"Home\",\"item\":\"https:\\\/\\\/cantresformentera.com\\\/es\\\/\"},{\"@type\":\"ListItem\",\"position\":2,\"name\":\"Philosophy\"}]},{\"@type\":\"WebSite\",\"@id\":\"https:\\\/\\\/cantresformentera.com\\\/#website\",\"url\":\"https:\\\/\\\/cantresformentera.com\\\/\",\"name\":\"Can Tres Formentera\",\"description\":\"Unique Formentera Experience\",\"publisher\":{\"@id\":\"https:\\\/\\\/cantresformentera.com\\\/#organization\"},\"alternateName\":\"Can Tres\",\"potentialAction\":[{\"@type\":\"SearchAction\",\"target\":{\"@type\":\"EntryPoint\",\"urlTemplate\":\"https:\\\/\\\/cantresformentera.com\\\/?s={search_term_string}\"},\"query-input\":{\"@type\":\"PropertyValueSpecification\",\"valueRequired\":true,\"valueName\":\"search_term_string\"}}],\"inLanguage\":\"es\"},{\"@type\":\"Organization\",\"@id\":\"https:\\\/\\\/cantresformentera.com\\\/#organization\",\"name\":\"Can Tres Formentera\",\"alternateName\":\"Can Tres\",\"url\":\"https:\\\/\\\/cantresformentera.com\\\/\",\"logo\":{\"@type\":\"ImageObject\",\"inLanguage\":\"es\",\"@id\":\"https:\\\/\\\/cantresformentera.com\\\/#\\\/schema\\\/logo\\\/image\\\/\",\"url\":\"https:\\\/\\\/cantresformentera.com\\\/wp-content\\\/uploads\\\/2018\\\/02\\\/cropped-favicon-1.png\",\"contentUrl\":\"https:\\\/\\\/cantresformentera.com\\\/wp-content\\\/uploads\\\/2018\\\/02\\\/cropped-favicon-1.png\",\"width\":512,\"height\":512,\"caption\":\"Can Tres Formentera\"},\"image\":{\"@id\":\"https:\\\/\\\/cantresformentera.com\\\/#\\\/schema\\\/logo\\\/image\\\/\"}}]}<\/script>\n<!-- \/ Yoast SEO plugin. -->","yoast_head_json":{"title":"Philosophy - Can Tres","robots":{"index":"index","follow":"follow","max-snippet":"max-snippet:-1","max-image-preview":"max-image-preview:large","max-video-preview":"max-video-preview:-1"},"canonical":"https:\/\/cantresformentera.com\/es\/philosophy\/","og_locale":"es_ES","og_type":"article","og_title":"Philosophy - Can Tres","og_description":"DESCONEXI\u00d3N Todo se reduce a una experiencia sencilla y pura. Huimos de las aglomeraciones y buscamos la discreci\u00f3n. Queremos que nuestros hu\u00e9spedes formen parte de esta isla, la vivan y la disfruten de una forma especial. Buscamos ser parte del recuerdo que te lleves de Formentera, ese lugar en el mundo al que siempre quieras [&hellip;]","og_url":"https:\/\/cantresformentera.com\/es\/philosophy\/","og_site_name":"Can Tres","article_modified_time":"2024-02-23T11:44:50+00:00","og_image":[{"url":"https:\/\/cantresformentera.com\/wp-content\/uploads\/2018\/03\/descanso.jpg","type":"","width":"","height":""}],"twitter_card":"summary_large_image","twitter_misc":{"Tiempo de lectura":"1 minuto"},"schema":{"@context":"https:\/\/schema.org","@graph":[{"@type":"WebPage","@id":"https:\/\/cantresformentera.com\/es\/philosophy\/","url":"https:\/\/cantresformentera.com\/es\/philosophy\/","name":"Philosophy - Can Tres","isPartOf":{"@id":"https:\/\/cantresformentera.com\/#website"},"primaryImageOfPage":{"@id":"https:\/\/cantresformentera.com\/es\/philosophy\/#primaryimage"},"image":{"@id":"https:\/\/cantresformentera.com\/es\/philosophy\/#primaryimage"},"thumbnailUrl":"https:\/\/cantresformentera.com\/wp-content\/uploads\/2018\/03\/descanso.jpg","datePublished":"2018-02-03T15:21:54+00:00","dateModified":"2024-02-23T11:44:50+00:00","breadcrumb":{"@id":"https:\/\/cantresformentera.com\/es\/philosophy\/#breadcrumb"},"inLanguage":"es","potentialAction":[{"@type":"ReadAction","target":["https:\/\/cantresformentera.com\/es\/philosophy\/"]}]},{"@type":"ImageObject","inLanguage":"es","@id":"https:\/\/cantresformentera.com\/es\/philosophy\/#primaryimage","url":"https:\/\/cantresformentera.com\/wp-content\/uploads\/2018\/03\/descanso.jpg","contentUrl":"https:\/\/cantresformentera.com\/wp-content\/uploads\/2018\/03\/descanso.jpg"},{"@type":"BreadcrumbList","@id":"https:\/\/cantresformentera.com\/es\/philosophy\/#breadcrumb","itemListElement":[{"@type":"ListItem","position":1,"name":"Home","item":"https:\/\/cantresformentera.com\/es\/"},{"@type":"ListItem","position":2,"name":"Philosophy"}]},{"@type":"WebSite","@id":"https:\/\/cantresformentera.com\/#website","url":"https:\/\/cantresformentera.com\/","name":"Can Tres Formentera","description":"Unique Formentera Experience","publisher":{"@id":"https:\/\/cantresformentera.com\/#organization"},"alternateName":"Can Tres","potentialAction":[{"@type":"SearchAction","target":{"@type":"EntryPoint","urlTemplate":"https:\/\/cantresformentera.com\/?s={search_term_string}"},"query-input":{"@type":"PropertyValueSpecification","valueRequired":true,"valueName":"search_term_string"}}],"inLanguage":"es"},{"@type":"Organization","@id":"https:\/\/cantresformentera.com\/#organization","name":"Can Tres Formentera","alternateName":"Can Tres","url":"https:\/\/cantresformentera.com\/","logo":{"@type":"ImageObject","inLanguage":"es","@id":"https:\/\/cantresformentera.com\/#\/schema\/logo\/image\/","url":"https:\/\/cantresformentera.com\/wp-content\/uploads\/2018\/02\/cropped-favicon-1.png","contentUrl":"https:\/\/cantresformentera.com\/wp-content\/uploads\/2018\/02\/cropped-favicon-1.png","width":512,"height":512,"caption":"Can Tres Formentera"},"image":{"@id":"https:\/\/cantresformentera.com\/#\/schema\/logo\/image\/"}}]}},"_links":{"self":[{"href":"https:\/\/cantresformentera.com\/es\/wp-json\/wp\/v2\/pages\/378","targetHints":{"allow":["GET"]}}],"collection":[{"href":"https:\/\/cantresformentera.com\/es\/wp-json\/wp\/v2\/pages"}],"about":[{"href":"https:\/\/cantresformentera.com\/es\/wp-json\/wp\/v2\/types\/page"}],"author":[{"embeddable":true,"href":"https:\/\/cantresformentera.com\/es\/wp-json\/wp\/v2\/users\/1"}],"replies":[{"embeddable":true,"href":"https:\/\/cantresformentera.com\/es\/wp-json\/wp\/v2\/comments?post=378"}],"version-history":[{"count":15,"href":"https:\/\/cantresformentera.com\/es\/wp-json\/wp\/v2\/pages\/378\/revisions"}],"predecessor-version":[{"id":2996,"href":"https:\/\/cantresformentera.com\/es\/wp-json\/wp\/v2\/pages\/378\/revisions\/2996"}],"wp:attachment":[{"href":"https:\/\/cantresformentera.com\/es\/wp-json\/wp\/v2\/media?parent=378"}],"curies":[{"name":"wp","href":"https:\/\/api.w.org\/{rel}","templated":true}]}}

<h2>DESCONEXIÓN</h2>
<h5 class="specialPad">Todo se reduce a una experiencia sencilla y pura. Huimos de las aglomeraciones y buscamos la discreción. Queremos que nuestros huéspedes formen parte de esta isla, la vivan y la disfruten de una forma especial. Buscamos ser parte del recuerdo que te lleves de Formentera, ese lugar en el mundo al que siempre quieras volver.</h5>
<p><img loading="lazy" decoding="async" class="responsive" src="https://cantresformentera.com/wp-content/uploads/2018/03/descanso.jpg" alt="" width="1920" height="1195" /></p>

<p>DESCONEXIÓN Todo se reduce a una experiencia sencilla y pura. Huimos de las aglomeraciones y buscamos la discreción. Queremos que nuestros huéspedes formen parte de esta isla, la vivan y la disfruten de una forma especial. Buscamos ser parte del recuerdo que te lleves de Formentera, ese lugar en el mundo al que siempre quieras [&hellip;]</p>

<!-- This site is optimized with the Yoast SEO plugin v27.5 - https://yoast.com/product/yoast-seo-wordpress/ -->
<title>Philosophy - Can Tres</title>
<meta name="robots" content="index, follow, max-snippet:-1, max-image-preview:large, max-video-preview:-1" />
<link rel="canonical" href="https://cantresformentera.com/es/philosophy/" />
<meta property="og:locale" content="es_ES" />
<meta property="og:type" content="article" />
<meta property="og:title" content="Philosophy - Can Tres" />
<meta property="og:description" content="DESCONEXIÓN Todo se reduce a una experiencia sencilla y pura. Huimos de las aglomeraciones y buscamos la discreción. Queremos que nuestros huéspedes formen parte de esta isla, la vivan y la disfruten de una forma especial. Buscamos ser parte del recuerdo que te lleves de Formentera, ese lugar en el mundo al que siempre quieras [&hellip;]" />
<meta property="og:url" content="https://cantresformentera.com/es/philosophy/" />
<meta property="og:site_name" content="Can Tres" />
<meta property="article:modified_time" content="2024-02-23T11:44:50+00:00" />
<meta property="og:image" content="https://cantresformentera.com/wp-content/uploads/2018/03/descanso.jpg" />
<meta name="twitter:card" content="summary_large_image" />
<meta name="twitter:label1" content="Tiempo de lectura" />
	<meta name="twitter:data1" content="1 minuto" />
<script type="application/ld+json" class="yoast-schema-graph">{"@context":"https:\/\/schema.org","@graph":[{"@type":"WebPage","@id":"https:\/\/cantresformentera.com\/es\/philosophy\/","url":"https:\/\/cantresformentera.com\/es\/philosophy\/","name":"Philosophy - Can Tres","isPartOf":{"@id":"https:\/\/cantresformentera.com\/#website"},"primaryImageOfPage":{"@id":"https:\/\/cantresformentera.com\/es\/philosophy\/#primaryimage"},"image":{"@id":"https:\/\/cantresformentera.com\/es\/philosophy\/#primaryimage"},"thumbnailUrl":"https:\/\/cantresformentera.com\/wp-content\/uploads\/2018\/03\/descanso.jpg","datePublished":"2018-02-03T15:21:54+00:00","dateModified":"2024-02-23T11:44:50+00:00","breadcrumb":{"@id":"https:\/\/cantresformentera.com\/es\/philosophy\/#breadcrumb"},"inLanguage":"es","potentialAction":[{"@type":"ReadAction","target":["https:\/\/cantresformentera.com\/es\/philosophy\/"]}]},{"@type":"ImageObject","inLanguage":"es","@id":"https:\/\/cantresformentera.com\/es\/philosophy\/#primaryimage","url":"https:\/\/cantresformentera.com\/wp-content\/uploads\/2018\/03\/descanso.jpg","contentUrl":"https:\/\/cantresformentera.com\/wp-content\/uploads\/2018\/03\/descanso.jpg"},{"@type":"BreadcrumbList","@id":"https:\/\/cantresformentera.com\/es\/philosophy\/#breadcrumb","itemListElement":[{"@type":"ListItem","position":1,"name":"Home","item":"https:\/\/cantresformentera.com\/es\/"},{"@type":"ListItem","position":2,"name":"Philosophy"}]},{"@type":"WebSite","@id":"https:\/\/cantresformentera.com\/#website","url":"https:\/\/cantresformentera.com\/","name":"Can Tres Formentera","description":"Unique Formentera Experience","publisher":{"@id":"https:\/\/cantresformentera.com\/#organization"},"alternateName":"Can Tres","potentialAction":[{"@type":"SearchAction","target":{"@type":"EntryPoint","urlTemplate":"https:\/\/cantresformentera.com\/?s={search_term_string}"},"query-input":{"@type":"PropertyValueSpecification","valueRequired":true,"valueName":"search_term_string"}}],"inLanguage":"es"},{"@type":"Organization","@id":"https:\/\/cantresformentera.com\/#organization","name":"Can Tres Formentera","alternateName":"Can Tres","url":"https:\/\/cantresformentera.com\/","logo":{"@type":"ImageObject","inLanguage":"es","@id":"https:\/\/cantresformentera.com\/#\/schema\/logo\/image\/","url":"https:\/\/cantresformentera.com\/wp-content\/uploads\/2018\/02\/cropped-favicon-1.png","contentUrl":"https:\/\/cantresformentera.com\/wp-content\/uploads\/2018\/02\/cropped-favicon-1.png","width":512,"height":512,"caption":"Can Tres Formentera"},"image":{"@id":"https:\/\/cantresformentera.com\/#\/schema\/logo\/image\/"}}]}</script>
<!-- / Yoast SEO plugin. -->

DESCONEXIÓN Todo se reduce a una experiencia sencilla y pura. Huimos de las aglomeraciones y buscamos la discreción. Queremos que nuestros huéspedes formen parte de esta isla, la vivan y la disfruten de una forma especial. Buscamos ser parte del recuerdo que te lleves de Formentera, ese lugar en el mundo al que siempre quieras [&hellip;]
